- 10. Is 435/m - 3/21 prime?
False
Let d(y) = 37*y**2 - 3*y + 4. Let i(l) = 37*l**2 - 4*l + 5. Suppose -5*o - 5*r - 45 = 0, 5*o - 5*r - 2 = 3. Let q(k) = o*i(k) + 5*d(k). Is q(-2) a prime number?
False
Let g(s) = 2*s**2 + 5*s + 4. Is g(9) prime?
True
Let o(q) be the first derivative of -23*q**2/2 - 23*q - 7. Is o(-8) composite?
True
Let k be (-1 - -1 - -1) + 10/(-2). Is k + 9 + -3 + 665 a composite number?
True
Let p = -81 - -56. Let n be (-2)/(-9) + p/(-9). Suppose -5*f = -5*k, 0*k + 3*f - n = 2*k. Is k a prime number?
True
Let x be (0 - -69)/((-6)/(-12)). Is x/4*88/12 a composite number?
True
Let d(a) = 5*a - 2. Let m be d(-3). Let g = -11 - m. Suppose 2*r + 3*y = 260, -2*y - 2 = -g. Is r prime?
True
Is (145984/10 - 1)/(14/70) composite?
True
Suppose 0 = 3*k - 17 + 116. Let l = k - -21. Let r = 70 + l. Is r a composite number?
True
Let n(u) = -221*u**3 + 9*u**2 + 40*u - 3. Is n(-5) composite?
False
Let n be -4 + 1*(295 - 0). Suppose -n = -2*z - 4*g + 157, -4*g - 194 = -z. Is z prime?
False
Suppose 4*n - 4*f = f + 1, 2*f + 4 = -2*n. Is 297 + (9 + -9 - (0 + n)) a prime number?
False
Let n(q) be the first derivative of -4*q + q**2 - 9/4*q**4 + 1 + 0*q**3. Is n(-3) a prime number?
True
Suppose -13*x + 7893 + 2468 = 0. Is x a composite number?
False
Let x = -34 - -40. Is (-3030)/(-12) - x/4 a prime number?
True
Let l(x) = -x - 3. Let p be l(-6). Suppose -p = w - 2*q - 38, w = -4*q + 23. Suppose -1811 = -4*f - w. Is f a composite number?
True
Suppose 0*h = -5*h + 2915. Let x = h - 260. Let l = x - 184. Is l composite?
False
Let i(u) = 48*u**2 - 7*u + 147. Is i(8) composite?
False
Let s(k) = 2*k - 15. Let g = -48 + 67. Is s(g) composite?
False
Let m = 2266 - 1262. Let p = m + -501. Suppose -l = -p + 130. Is l prime?
True
Let g = 41 - -56. Suppose 0 = -4*a - 0*j + 3*j - 3, 3*a + 2 = 2*j. Suppose a = 5*t - 8 - g. Is t composite?
True
Suppose -2168 = 5*y + 2102. Let o = -417 - y. Is o prime?
False
Let z(t) = 0 - 20*t - 22*t + 9*t**2 - 3 + 43*t. Is z(4) a composite number?
True
Let o(d) = 2*d - 2. Let r be o(7). Let x(i) = -i + 17. Let z be x(r). Let p(c) = -c**3 + 6*c**2 + 7*c - 5. Is p(z) a prime number?
False
Suppose 23*l = -3*y + 22*l + 2302, 5*l - 3840 = -5*y. Is y a composite number?
True
Let r(j) = -282*j**3 + 2*j**2 + 2. Let h be r(2). Let w = h + 3307. Is w prime?
True
Let o be (2/(-3))/((-2)/15). Suppose -o*k = c + 122, -2*c - 312 + 98 = 4*k. Is (-1)/((-1)/(c/(-1))) a prime number?
True
Is 1*(4/(-1) + 6009) composite?
True
Suppose 0 = 6*b - 2*b - 8. Suppose 0 = -b*i + i + 1. Let n(r) = 53*r. Is n(i) composite?
False
Suppose -5 = 5*a - 6*a. Suppose -4 = -a*x + 21. Suppose 4*v - 289 = -2*d + 333, -x*v + d + 788 = 0. Is v composite?
False
Let p(b) = -b**3 + 9*b**2 - 7*b - 3. Let m be p(8). Suppose -m*u - 58 + 453 = 0. Is u composite?
False
Suppose 861 - 261 = 2*y. Let c(s) = 5*s**3 - 4*s**2 + 4*s - 8. Let v be c(3). Suppose -g - 4*w = -v, -5*g = 2*w - 779 + y. Is g a composite number?
True
Let o(w) = -74*w + 77. Is o(-4) a prime number?
True
Let a = -17 + 17. Suppose -j + k + 659 = a, 526 + 2110 = 4*j - 5*k. Is j a composite number?
False
Let b be 2 + (-5002 + -2)*9/(-12). Suppose 8*t - 3*t - b = 0. Is t a prime number?
True
Suppose -11*h = -15028 - 20502. Suppose h = 7*n - 11141. Is n composite?
False
Suppose 1 = -3*u - 29. Let r = u + 13. Suppose 0*j - 57 = -r*j. Is j a composite number?
False
Suppose 430947 = 32*g + 79043. Is g a composite number?
True
Suppose -1155 - 245 = -2*q - 3*c, -3525 = -5*q + 5*c. Is q a composite number?
True
Suppose 425*t - 435*t = -74530. Is t a prime number?
False
Let h be (-20)/(-12) + (-1)/6*-2. Suppose h*u + 70 - 1068 = 0. Is u composite?
False
Let m = 27 + -9. Suppose m = -d + 7*d. Suppose d*n - 820 = -n. Is n a composite number?
True
Let b(v) = -v**3 + 5*v**2 - 4*v + 3. Let a be (8 + -5)*(1 - 0). Let s be b(a). Suppose 8*o = s*o - 93. Is o a composite number?
True
Let p be (0*(-3)/(-9))/(-1). Suppose -r + 5*c = p, 0 = 4*r - 0*c + 5*c - 25. Suppose -r*k - 15 = -760. Is k prime?
True
Let j(h) = 28*h + 4 - 2 + 2 - 9*h. Let n be j(3). Suppose -n - 73 = -z. Is z a prime number?
False
Let r be 208/14 - (-5)/35. Is (-4593)/(-9) - (-10)/r prime?
False
Let v(o) = o**3 - o**2 - o + 4. Let x be v(0). Is (2/x)/(-1)*-2078 a prime number?
True
Suppose 0 = -5*c - h + 9, 5*c = 3*h - 8 + 1. Is c/2*(-32848)/(-8) composite?
False
Let f(k) = -k**3 + 4*k**2 + 4*k + 7. Let p be f(5). Suppose p*w = 5 - 11. Is ((-2)/6)/(w/2934) a prime number?
False
Suppose 7 = 3*u - q - 0, -2*q + 6 = 4*u. Let j be -21 - (-12)/((-8)/u). Let m = 67 - j. Is m a composite number?
True
Suppose 0 = -3*w + 4857 + 1608. Is w a prime number?
False
Suppose 11*r - 3957 - 15458 = 0. Is r composite?
True
Let f = 80 + 300. Suppose -4*p + 3208 = f. Is p prime?
False
Let o = -7251 - -25438. Is o composite?
True
Let m(i) = i**3 + 7*i**2 + 5*i + 5. Let h be m(-6). Suppose -s = h - 12. Is -2*(s - 506/4) composite?
False
Suppose 422835 = 40*g - 25*g. Is g a composite number?
True
Let u(g) = -2*g - 6*g - 47*g**2 - 3 + 169*g**2 + 2*g. Is u(-4) a composite number?
False
Suppose 6*p - 3*p + 1401 = 0. Let r = -329 - p. Suppose 130 = 4*q - r. Is q composite?
False
Let z(s) = -6*s**3 - s**2 + 13*s + 13. Let b be z(-6). Let u = -693 + b. Is u composite?
True
Let f(a) = 450*a - 17. Is f(27) a prime number?
False
Suppose -15*c + 12*c + 18477 = 0. Is c a prime number?
False
Suppose 0*k - 12 = -3*k. Suppose 288 = f - 199. Suppose 5*p = k*p + f. Is p a prime number?
True
Let c = -294 - -703. Is c prime?
True
Suppose 2*k = -m + 5, 3*k - 5*m - 4 = -3. Let f(h) = 949*h + 17. Is f(k) prime?
False
Let r(o) = 48*o - 19. Let i(a) = 47*a - 17. Let j(n) = 3*i(n) - 4*r(n). Is j(-6) composite?
False
Suppose -42 = 4*q - 66. Suppose -u = q*u - 4837. Is u a composite number?
False
Let w(p) = -p**2 + 5*p + 1. Let t be w(5). Suppose 0 = g + t - 5. Suppose -g*l = -5*q - 0*l + 37, 5*q = -2*l + 49. Is q prime?
False
Let o = 19759 + -4982. Is o composite?
True
Let n(v) = -203*v - 31. Is n(-18) a composite number?
False
Is (6 + -8 - 5579)*-1 composite?
False
Let f(n) = -n**2 + 6*n - 5. Let a be f(5). Let v be (469/(-14))/(2/4). Is a - 0/(-4) - v a composite number?
False
Is (-21)/(-84) + 14995/4 a prime number?
False
Let v(y) = 1164*y**2 - 1164*y**2 + 1337*y**3. Is v(1) a prime number?
False
Is (-1 + 31/2)*(719 + -13) a prime number?
False
Let o = 1332 - 767. Suppose -u + o = -356. Is u a prime number?
False
Let y = 16 - 18. Is y - (-7 + 5) - -6805*1 prime?
False
Suppose -921 = -2*s - 87. Suppose -s = 3*l - 1833. Let y = 891 - l. Is y a prime number?
True
Let n = 18 + -11. Suppose n = 4*k - 1. Suppose -w - k*w + 381 = 0. Is w a prime number?
True
Let x be ((-10)/(-6))/(14/(-42)). Is 154497/245 - (-1 + (-3)/x) a composite number?
False
Let p(f) = 3*f - 25. Let n be p(10). Suppose -n*s - 146 = -801. Is s prime?
True
Let z = -783 + 555. Suppose -t - 41 - 124 = g, 0 = -t - 4*g - 177. Let j = t - z. Is j a composite number?
False
Suppose f - 4*c = 12, 0*c - 4*c + 20 = 3*f. Let w(k) = k. Let r(l) = -l**2 + 14*l + 9. Let m(y) = r(y) + 4*w(y). Is m(f) a composite number?
False
Is ((-128950)/15)/(-10)*3 composite?
False
Suppose 0*k - 2*k + 3286 = -2*z, -3*z + 5*k = 4939. Let o = 2829 + z. Is o a composite number?
True
Suppose 5*c - 5*o - 45 = 0, -3*o + 7*o = 2*c - 20. Suppose -2*b - 7 = s - 5*b, -3*s = 4*b + c. Is 892/7*(-14)/s a prime number?
False
Suppose -128*z + 126*z - 4*i = -27510, 5*z - 68761 = -3*i. Is z prime?
True
Let u = -74 + 77. Suppose 816 + 427 = 4*v - 5*j, 2*v - u*j = 623. Is v a composite number?
False
Suppose 5*x - 4*k + 1927 = 0, 2*x + 1153 = -x + 4*k. Let r = x - -1174. Is r a prime number?
True
Let m(f) be the second derivative of 1/2*f**3 + 0 + 11/2*f**2 + 1/12*f**4 - f. Is m(9) composite?
True
Let z be (-1)/(-4)*4*3. Is 409 - (-2 + 2)/z a composite number?
False
Let b be (-80)/(-28)*(-7)/(-2). Is (1 - -234)*-1*b/(-10) composite?
True
Suppose 0*d = 9*d - 14049. Is d composite?
True
Suppose -17458 = -5*t + p, 5*t - t - 13976 = 4*p. Is t a composite number?
False
Let r be (-8)/(-10)*(-15)/(-6). Suppose f = -r*f. Is f - -1 - (1 + -213) prime?
False
Let s be -7 + 12 + (-2 - -1). Suppose s*k + 0 = -44. Let w(q) = -q**3 - 9*q**2 + 2*q - 9. Is w(k) composite?
False
Suppose -922 = -2*i - 3*p